j(v) - y(v). What are the prime factors of l(t)?
2
Suppose -k + 113 = q, 460 = -k + 5*k + 2*q. What are the prime factors of k?
3, 13
Let u be (-48)/(-21) + (-4)/14. What are the prime factors of 11 - (u - (5 - 2))?
2, 3
Suppose 5*x - 2*f + 20 = 0, -5*x - f + 4*f - 25 = 0. List the prime factors of 180/12 + x/1.
13
Let l(t) = 3*t - 15. Let n be l(7). Let y = n + -1. What are the prime factors of y?
5
Let k = -33 - -78. Suppose -5*m + 5*z = 115, -z = -5*m - 5*z - 160. Let n = m + k. List the prime factors of n.
17
Suppose -3*f = -52 - 89. List the prime factors of f.
47
Let d = -2 + 14. Let g = 57 - d. What are the prime factors of g?
3, 5
Let q = -135 + 305. List the prime factors of q.
2, 5, 17
Suppose -3*j + v + 5 = -2*j, 4*v + 18 = 3*j. What are the prime factors of j*(1 - (-5)/2)?
7
Let x(s) = 8*s - 3. Let c(t) = 2*t**2 + t - 1. Let d be c(1). Let z be x(d). Let m = z - 4. List the prime factors of m.
3
Let p = 9 - 10. List the prime factors of ((-102)/(-9))/p*-3.
2, 17
Suppose 0 = -b + 2*b. Suppose 22 = 2*o - 4*g, -o - g = -b*g - 2. Suppose o*p = -0*p + 70. What are the prime factors of p?
2, 7
Let o = -15 - -7. List the prime factors of -2*(-12)/o + 30.
3
Suppose -1636 = -5*i + 39. List the prime factors of i.
5, 67
Suppose 0 = 3*x + 5*n - 157, -4*n - 68 = -2*x - 0*n. What are the prime factors of x?
2, 11
Suppose -5*v + 6*v - 4 = 0. Suppose -t = -3*t + v. What are the prime factors of t?
2
Suppose 1 = 2*q - 5. List the prime factors of (-10 + 4)*(-7)/q.
2, 7
Let m(v) = v**3 - 5*v**2 + 8*v - 6. Let w(i) = -2*i**3 + 10*i**2 - 17*i + 12. Let u(x) = 5*m(x) + 2*w(x). List the prime factors of u(4).
2
Suppose -6*b + b - 5*i + 305 = 0, 0 = -b + 2*i + 52. What are the prime factors of b?
2, 29
Let b(a) = -a**2 - 11*a - 7. Suppose 0 = -k + 1 + 4. Suppose -k*r - 17 = 33. List the prime factors of b(r).
3
What are the prime factors of (-1 - (-8 + 4)) + 86?
89
Let u(y) = -y**2 + y. Let v be u(-4). Let i = -10 - v. What are the prime factors of i?
2, 5
Suppose -2*f - 3*n = -23, 4*f + 26 = 8*f + 2*n. List the prime factors of -2 - (-58 + 2) - f.
2, 5
Let m be (-3)/(2 + 7/(-2)). Suppose f - 2 + 9 = -2*d, f - 5*d = 21. List the prime factors of f - (5*m)/(-2).
2, 3
Let p = 8 + -1. What are the prime factors of p?
7
What are the prime factors of 1/(-8) - 9224/(-64)?
2, 3
Let b(z) = -20*z. Let w(a) = 7*a. Let v(p) = -15*p. Let h(s) = -6*v(s) - 13*w(s). Let u be h(1). What are the prime factors of b(u)?
2, 5
Let u(a) = -1 + 1 + a**2 + 5*a + 5 - 4*a. Suppose -i + 0*i = 0. List the prime factors of u(i).
5
Let t = 4 - 3. Let a = 3 - t. List the prime factors of a.
2
Let g(t) = -4*t - 4. Let u be g(-5). Let n(q) = q**2 - 6*q - 5. Let z be n(6). List the prime factors of (u/(-10))/(1/z).
2
Suppose -3*s = -50 - 22. Suppose -2*z = z - s. List the prime factors of z.
2
Let h(m) = 0 - 2*m - 2 + 0*m - 2. List the prime factors of h(-5).
2, 3
Let n = -8 + 5. Let h = n + -2. List the prime factors of (-87)/h + 8/(-20).
17
Let q be 1/7 + (-3)/21. Suppose l + 4*l - 125 = q. List the prime factors of l.
5
Let d = 11 + 22. What are the prime factors of d?
3, 11
Let g be ((-3)/3)/1 - 0. Let k be 26 + 1 + 2 + g. Suppose 6*v - 2*v - 12 = 5*f, -v - 5*f + k = 0. What are the prime factors of v?
2
Let k(q) = -q**3 - 5*q**2 - 6*q - 4. Let z be k(-5). Suppose 3*i - 11 - z = -4*l, 3*l + 2*i = 28. List the prime factors of l.
2, 5
List the prime factors of ((-74)/(-8))/((-6)/(-24)).
37
Let z(c) = -9*c. Let t be z(-1). Let m = t + -5. List the prime factors of m.
2
Let x(h) = 6*h**2 - 2*h - 1. List the prime factors of x(3).
47
Let g(k) = k**3 - k**2 - k + 1. Let c(h) = h + 16. Let y be c(-13). What are the prime factors of g(y)?
2
Suppose 4*y = 926 + 922. Suppose -367 = -4*k - 5*n - 0*n, 0 = 5*k + 3*n - y. Suppose -5*g + k - 18 = 0. What are the prime factors of g?
3, 5
Suppose -165 = -5*b - 0*b. What are the prime factors of b?
3, 11
What are the prime factors of 552/30 - 6/15?
2, 3
Let x(i) = -i**3 + 6*i**2 + 7*i + 4. Let g be x(7). Let y(l) = -l**2 + 6*l - 6. What are the prime factors of y(g)?
2
Suppose -4*c = u + 10, 3*u - u = -c - 6. List the prime factors of ((-22)/6)/(c/6).
11
Let y(n) = -n**2 - n - 5. Let z(u) = 2*u**2 + 2*u + 11. Let a(g) = -9*y(g) - 4*z(g). Let t(p) be the first derivative of a(p). List the prime factors of t(2).
5
What are the prime factors of (48 + 6/2)*1?
3, 17
Suppose -12 = -3*j + j. Let o be (30/9)/(6/45). Let l = o - j. What are the prime factors of l?
19
Let k(p) = p - 7. Let s be k(-5). List the prime factors of (-9)/54 - 158/s.
13
Let f(d) be the first derivative of -d**4/4 + 8*d**3/3 - 7*d**2/2 + d + 7. What are the prime factors of f(6)?
31
Suppose -5*g = 3*h - 130, 2*g - 3*g + 202 = 5*h. List the prime factors of h.
2, 5
Let k(s) = -s - 3. Let a be (4/(-6))/((-1)/(-3)). Let u = a - 4. What are the prime factors of k(u)?
3
Let u(z) = z**2 - 7*z + 7. Let f(g) = -5*g**2 + 29*g - 28. Let y(i) = 2*f(i) + 9*u(i). What are the prime factors of y(-5)?
7
Suppose -4*g + 38 = -2*g. Suppose 2*q = 3*q - f - g, 5*q = -f + 95. What are the prime factors of q?
19
Let g be (0 - 20)/(2 + -4). Suppose 7*t = 2*t + g. What are the prime factors of (8 - t)*(-7)/(-2)?
3, 7
Let a = 21 + -3. List the prime factors of a.
2, 3
Suppose -12 = -2*y - 2*y. Suppose -22 - 10 = -f + y*h, -3*f = -5*h - 84. List the prime factors of f.
23
Suppose -v + 4*v = 309. What are the prime factors of v?
103
Let t be 12*(3 + 18/(-8)). Suppose 4*k - 5*z = 12, 4*z - t = -3*k + 5*z. Let j = k + 14. List the prime factors of j.
17
Suppose -3*p + 1 = 4*r, -5*r - 5*p = -0 + 5. Suppose t + r = -0. Let g(y) = -y**2 - 5*y - 2. List the prime factors of g(t).
2
Suppose 2*n - n = 38. What are the prime factors of n?
2, 19
Let g = -5 - -16. Suppose f - 4 - g = 0. What are the prime factors of f?
3, 5
Suppose -2*f + 33 = 5*n, 3*n - 27 = -5*f + 8. Suppose -14 = -2*b + f. What are the prime factors of b?
3
Suppose -3*c - 2*c = -30. What are the prime factors of (27/c)/(2/4)?
3
Let t(n) = n**3 + 15*n**2 - 18*n - 21. List the prime factors of t(-16).
11
Let s(t) be the third derivative of -t**6/120 + t**5/30 + t**4/6 + t**3/6 - 7*t**2. List the prime factors of s(3).
2
Suppose 0 = f - 3*p - 63, 5*p - 39 = -2*f + f. Let q = 37 - f. Let t = 28 + q. What are the prime factors of t?
11
Let o(z) = 3*z - 2. Let l be o(4). Suppose -l*r = -6*r - 84. What are the prime factors of r?
3, 7
Let n be 57/12 - 1/(-4). Suppose 4*s + n*a - a = 40, -4*s = -a - 15. Let y = -2 + s. What are the prime factors of y?
3
Suppose -q - q - 2 = -2*d, 5*q = -5*d + 5. Let m = 2 + d. Let k = m + 8. List the prime factors of k.
11
Let j(d) = -40*d**3 - d**2 + 1. Let k be j(-1). Suppose k = -3*x + 5*x. Suppose -3*f = 5*q + 2 - 34, -f + 3*q = -x. List the prime factors of f.
2, 7
Let i be -3 - (0 + -2 - 6). Suppose f = -3*g + 42, -i*f + 36 - 8 = 2*g. List the prime factors of g.
2, 7
Let a(f) = -6*f - 2*f**2 - 5*f + 2*f + 5 + 3*f**2. What are the prime factors of a(9)?
5
Let r(c) = -11*c**3 + 3*c**2 + 3*c. What are the prime factors of r(-2)?
2, 47
Let u(r) = -4*r. Let h be (-1)/(-5) - 42/(-15). Let b(t) = -t - 1. Let o(q) = h*b(q) - u(q). List the prime factors of o(6).
3
Suppose n - 13 = -5*i, -5*i + 2 = -2*n - 2. What are the prime factors of i/5 + (-16)/(-10)?
2
Let v be 20/(-15)*(-6)/4. Let b = -9 + 20. Suppose -v*g + 19 = -b. List the prime factors of g.
3, 5
Let v be 0/(-1)*(2 + -3). Suppose v = g - 0*g - 12. List the prime factors of g.
2, 3
Suppose 2*w - 1 + 15 = 4*r, -3*r + 18 = w. What are the prime factors of r?
5
Suppose 0 = -2*o - 3*o + 20. Suppose -3*v = -5*b - v + 67, o*v + 43 = 3*b. What are the prime factors of b?
13
Let p(g) = -13*g + 24. List the prime factors of p(-18).
2, 3, 43
Let v(p) = -3*p - 7. List the prime factors of v(-10).
23
Suppose 5*w - 2090 = -5*w. List the prime factors of w.
11, 19
Suppose -4*q - 8 = -0*q. Let r be 0 + (q - (3 - -1)). List the prime factors of 60/8*(-8)/r.
2, 5
Suppose -3*z + 5*g = -81, 0 = -z - 2*z - g + 63. Let k be 22*1 + 0 + 1. Suppose 5*r - k - z = 0. What are the prime factors of r?
3
Let y = 139 + -1. What are the prime factors of y?
2, 3, 23
Let n = 363 + -207. Suppose 0*v - v - 2 = 0, -2*v + n = 5*p. Suppose 5*s = -5*d + 10, -4*s + p = 2*d - 6*d. What are the prime fac